{"id":3930,"date":"2025-02-19T19:49:52","date_gmt":"2025-02-19T18:49:52","guid":{"rendered":"https:\/\/www.natixispartners.be\/team\/fabrice-van-landuyt\/"},"modified":"2025-04-03T10:32:37","modified_gmt":"2025-04-03T08:32:37","slug":"fabrice-van-landuyt","status":"publish","type":"team","link":"https:\/\/www.natixispartners.be\/fr\/team\/fabrice-van-landuyt\/","title":{"rendered":"Fabrice Van Landuyt"},"content":{"rendered":"\n<p>Fabrice est titulaire d&rsquo;un Master en Business Economics de l&rsquo;Universit\u00e9 de Gand, avec une sp\u00e9cialisation en Corporate Finance et a obtenu son dipl\u00f4me magna cum laude.<\/p>\n\n\n\n<p>Avant de rejoindre Natixis Partners, il a travaill\u00e9 au sein du d\u00e9partement Conseil en strat\u00e9gie de transactions chez EY, o\u00f9 il s&rsquo;est concentr\u00e9 sur l&rsquo;\u00e9valuation et la mod\u00e9lisation financi\u00e8re.<\/p>\n\n\n\n<p><\/p>\n","protected":false},"featured_media":3599,"template":"","class_list":["post-3930","team","type-team","status-publish","has-post-thumbnail","hentry"],"_links":{"self":[{"href":"https:\/\/www.natixispartners.be\/fr\/wp-json\/wp\/v2\/team\/3930","targetHints":{"allow":["GET"]}}],"collection":[{"href":"https:\/\/www.natixispartners.be\/fr\/wp-json\/wp\/v2\/team"}],"about":[{"href":"https:\/\/www.natixispartners.be\/fr\/wp-json\/wp\/v2\/types\/team"}],"wp:featuredmedia":[{"embeddable":true,"href":"https:\/\/www.natixispartners.be\/fr\/wp-json\/wp\/v2\/media\/3599"}],"wp:attachment":[{"href":"https:\/\/www.natixispartners.be\/fr\/wp-json\/wp\/v2\/media?parent=3930"}],"curies":[{"name":"wp","href":"https:\/\/api.w.org\/{rel}","templated":true}]}}

<p>Fabrice est titulaire d&rsquo;un Master en Business Economics de l&rsquo;Université de Gand, avec une spécialisation en Corporate Finance et a obtenu son diplôme magna cum laude.</p>



<p>Avant de rejoindre Natixis Partners, il a travaillé au sein du département Conseil en stratégie de transactions chez EY, où il s&rsquo;est concentré sur l&rsquo;évaluation et la modélisation financière.</p>



<p></p>
